and 192.
12
Let i = 267 + -177. Let d = -59 + i. Calculate the greatest common divisor of 31 and d.
31
Let u = -464 + 500. Suppose -2*v + 24 = -6*v. Let w = -2 - v. Calculate the greatest common divisor of u and w.
4
Suppose 0 = 4*k + x - 723, 2*k + 3*x - 285 = 64. Suppose 0 = -4*d + k + 330. What is the greatest common divisor of d and 16?
16
Let q = 340 - 177. Suppose -4*c - 179 = 3*o - 0*o, -4*c = -3*o - q. Let k be (-2)/(-3 + (-165)/o). Calculate the highest common factor of 38 and k.
19
Let j(b) = 46*b**2 - 6*b + 5. Let m be j(2). Calculate the highest common divisor of 59 and m.
59
Suppose 5*w - 3*m - 2 = 0, 10*w = 7*w - 4*m - 22. Let v(z) = -11*z**3 - 4*z**2 - 4*z + 1. Let n be v(w). Calculate the highest common divisor of 27 and n.
27
Let k(t) = t**2 - 3*t + 4. Let x be k(3). Let n(o) = o**3 - 3*o**2 + 3*o - 4. Let s be n(x). Let i = -71 + 131. What is the greatest common factor of i and s?
12
Suppose -m - 9 = -373. Suppose 4*b - a - 673 = 0, -3*b = a + m - 867. Calculate the highest common factor of b and 21.
21
Let m = 1705 + -1097. What is the greatest common factor of m and 38?
38
Let f(a) = a**2 - 23*a + 45. Let s be f(21). Let m be 3*(s + 2) - (-4 + 2). Calculate the highest common factor of 17 and m.
17
Let t = -1048 + 1050. Calculate the greatest common divisor of 2 and t.
2
Suppose -2*h + 6 = -22. Calculate the greatest common divisor of 6 and h.
2
Let m be 2/(-5) - (-577)/5. Suppose j = -3*p + 135, -5*p + 4*j + 111 = -131. Calculate the greatest common divisor of p and m.
23
Let h be (11/(-1))/(10/(-70)). Calculate the highest common factor of h and 22.
11
Let c = -453 - -454. Suppose -4 = -2*b - 6, -m - 2*b - 3 = 0. Let f be -2 + m + 1 - -3. What is the greatest common divisor of f and c?
1
Let k = -84 - -244. Suppose 4*t + 0*t - k = 0. Calculate the highest common factor of t and 100.
20
Let z = 120 - 114. Calculate the highest common factor of z and 414.
6
Let h(a) = -a**3 - a**2 + 30*a + 6. Let r be h(-6). Let w be -3 + 6/(-3) + 47. What is the greatest common factor of r and w?
6
Suppose 14*x - 19 - 37 = 0. Calculate the greatest common divisor of 68 and x.
4
Suppose u - 5*o - 641 = 0, 5*u - 6*o + 10*o - 3234 = 0. What is the greatest common divisor of 34 and u?
34
Suppose -3*s - 1 - 3 = -5*a, -4*a - 10 = 2*s. Let h(u) = -9*u + 8. Let k be h(s). What is the highest common divisor of k and 5?
5
Suppose -2*i - j = -170, 2*j + 425 = 5*i - j. Suppose 113*c = 106*c + 238. Calculate the greatest common divisor of i and c.
17
Suppose 2 = -4*x + 18. Suppose 3*q + x*f = 91, 3*q + 2*f - f = 97. Suppose -7*s + 6 = -5*s. Calculate the greatest common factor of q and s.
3
Let k be 30*7/((-42)/(-20)). What is the highest common divisor of 260 and k?
20
Suppose 0 = 158*j - 154*j - 112. What is the greatest common factor of 35 and j?
7
Suppose 5*i - 21 = -1. Suppose 2 = -h + i. What is the greatest common divisor of 8 and h?
2
Let f = -1935 - -1969. Suppose -2*a + 93 = -0*j - 3*j, 0 = j - 3. What is the highest common factor of a and f?
17
Let k be 14*(24/84 + (-32)/(-14)). Calculate the greatest common factor of k and 324.
36
Let p = -74 + 80. Suppose -p*s - 56 = -8*s. Calculate the greatest common factor of 140 and s.
28
Suppose 0 = o + 3*o + 3*s - 60, o - 38 = 5*s. Let a = o + -12. Let t be (-6)/3*(-18)/4. Calculate the greatest common factor of t and a.
3
Let z be (-2 - 2 - 2) + 21. Calculate the greatest common factor of z and 135.
15
Let i(r) = 33*r**2 - 6*r + 5. Let z be i(5). Calculate the highest common divisor of z and 50.
50
Suppose 0 = -22*c + 53 + 299. Suppose -2*z - 3*d = -54, -z - 4*d - 88 = -5*z. What is the highest common divisor of z and c?
8
Let j(x) = 24*x**2 + 3*x - 3. Let l be j(2). Suppose d - 29 - 5 = -5*n, -30 = -5*d + 3*n. Calculate the highest common factor of d and l.
9
Let x(r) = -413 - r - r + 414. Let t be x(-2). Let w(b) = 3*b**2 - 9*b + 3. Let u be w(t). Calculate the highest common factor of u and 11.
11
Suppose 0 = g - 5. Suppose -2*k = -c + 8, 3*k = -2*c + g + 25. Suppose -78*q + 3246 = -5178. Calculate the highest common divisor of c and q.
12
Let x be (-3)/7 + 158720/217. What is the highest common factor of x and 17?
17
Suppose -4 = -2*x + 6. Let m be 740/(-5)*1 - 3. Let s = 166 + m. Calculate the greatest common divisor of x and s.
5
Let l = 19 + -12. Suppose -2*q = -5*q, -4*u + 2*q + 112 = 0. What is the highest common divisor of u and l?
7
Let m be (-1 - 1) + 4/((-4)/(-2)). Suppose -8 = -3*h - o + 26, -4*h - 2*o + 44 = m. What is the highest common factor of 6 and h?
6
Suppose -3*j - 2*z + 13 = -2*j, 4*j = 2*z + 12. Let p = j - -16. Calculate the highest common factor of 84 and p.
21
Let u(f) = 4*f**2 - 2*f. Let n(w) = w**3 + w**2 + w - 2. Let c be n(0). Let i be u(c). Calculate the highest common divisor of i and 8.
4
Let x(a) = a**2 - 7*a + 10. Let c(b) = -b**2 + 6*b - 3. Let y be c(8). Let z = 26 + y. Let o be x(z). Calculate the greatest common divisor of o and 20.
10
Let z be (9/(-6))/((-6)/68) + 1. Let s(l) be the first derivative of 8*l**2 - 6*l + 2. Let x be s(6). Calculate the greatest common factor of z and x.
18
Let p(l) = l**2 - 6*l + 2. Let n be p(6). Suppose n*j - 192 = -6*j. Suppose 3*c + 2*c - 300 = 0. Calculate the greatest common factor of c and j.
12
Let y be (3 + 44/(-12))*3. Let k be 197/5 - y/(-5). Let q = -19 + k. What is the greatest common divisor of 180 and q?
20
Suppose -4*s = 21*r - 19*r - 88, 5*r - 4*s - 248 = 0. Calculate the highest common factor of r and 64.
16
Suppose -5*l - 13 + 3 = 0. Let p be (-3)/l*(207 + -7). Suppose 0 = -0*r - 5*r + p. Calculate the greatest common factor of r and 15.
15
Suppose 0 = 4*o - 4*i - 184, 1 = -2*i + 11. Calculate the highest common divisor of o and 68.
17
Let z = -1754 - -1795. Calculate the greatest common divisor of 164 and z.
41
Let f(t) = -52*t + 137. Let a be f(-1). Calculate the greatest common factor of 18 and a.
9
Let k(l) = 1 + 3 - 3 + 21*l. Let q be k(1). Let p = 39 - q. What is the greatest common divisor of 17 and p?
17
Let k = -439 - -466. What is the greatest common factor of k and 207?
9
Let q = 46 + -26. Suppose -3*v - 120 = -5*m + 197, 5*v + q = 0. Suppose -l = 1 - m. Calculate the highest common factor of 40 and l.
20
Let u be ((-42)/(-5))/(74/185). What is the highest common factor of u and 217?
7
Let g be 6/(-2 - -3) - -1. Suppose -5*q + 5 = 0, -q - q = -o - 3. Let k be o - (1 + 0)*-15. What is the greatest common factor of g and k?
7
Let m be (11/(-3) + 3)*-9. Let f be -2*1 - (-18)/m. Let n be 9 + -3 - -4 - 1. What is the highest common divisor of n and f?
1
Suppose 0 = 7*h + 607 - 2224. What is the greatest common factor of h and 21?
21
Let i(g) = g**3 + 13*g**2 - 14*g + 12. Let u be i(-14). Let o be (-38)/3 + (-4)/u. Let m = o - -25. Calculate the greatest common factor of m and 4.
4
Let a(v) = -5 - 6 + 12 - 11*v. Let u be a(-4). What is the greatest common factor of 27 and u?
9
Let m(q) = -2*q + 3. Let o be m(-1). Let l(y) = 8*y - 5. Let p be l(o). What is the highest common factor of p and 14?
7
Let s(f) = 13*f**2 - 114*f - 10. Let d be s(9). Calculate the highest common factor of 34 and d.
17
Let p(a) = -3*a**2 - 34*a - 18. Let g be p(14). Let r = -642 - g. What is the greatest common divisor of r and 55?
55
Suppose -6*x - 65 = -257. Calculate the highest common factor of 288 and x.
32
Let z be 70/(-1 + -4) + 2/2. Let j(g) = -g**3 - 12*g**2 + 10*g - 9. Let r be j(z). Calculate the highest common divisor of 12 and r.
6
Let v(d) be the third derivative of -d**4/12 - d**3/3 - d**2. Suppose -24 = 307*l - 301*l. Let u be v(l). What is the greatest common divisor of 30 and u?
6
Let y(g) = -5*g + 5. Let o be y(-26). What is the greatest common factor of 360 and o?
45
Suppose 0 = -8*d + 9 - 1. Let z be 14/8*(122 - (-7 + d)). Suppose w = -2*w + 96. What is the greatest common factor of z and w?
32
Suppose 40 = 5*j - j. Let r(u) = -u**2 - 25*u + 104. Let b be r(-28). What is the greatest common factor of j and b?
10
Let k be ((-75)/9)/((-2)/6). Suppose -36 = -q - k. What is the highest common factor of 88 and q?
11
Let g = 513 + -751. Let d = -114 - g. Let c be (-123)/(-4) + 1/4. Calculate the highest common factor of c and d.
31
Suppose -26 = -n + 4*p, -3*n + 3*p = -2*p - 106. Calculate the greatest common d